{"id":987,"date":"2023-06-29T13:52:07","date_gmt":"2023-06-29T16:52:07","guid":{"rendered":"http:\/\/caual.eleicoes2023.caubr.gov.br\/?page_id=987"},"modified":"2023-07-06T22:15:51","modified_gmt":"2023-07-07T01:15:51","slug":"acoes-proibidas","status":"publish","type":"page","link":"https:\/\/eleicoes2023.caual.gov.br\/?page_id=987","title":{"rendered":"A\u00e7\u00f5es proibidas"},"content":{"rendered":"<ul>\n<li style=\"font-weight: 400;\" aria-level=\"1\"><span style=\"font-weight: 400;\">Divulga\u00e7\u00e3o de propaganda por meio de ve\u00edculos de comunica\u00e7\u00e3o autorizados por concess\u00e3o p\u00fablica de r\u00e1dio e TV.<\/span><\/li>\n<li style=\"font-weight: 400;\" aria-level=\"1\"><span style=\"font-weight: 400;\">Propaganda realizada em meio impresso.<\/span><\/li>\n<li style=\"font-weight: 400;\" aria-level=\"1\"><span style=\"font-weight: 400;\">Aproveitamento de material de campanha anterior ou preexistente.<\/span><\/li>\n<li style=\"font-weight: 400;\" aria-level=\"1\"><span style=\"font-weight: 400;\">Propostas sem alinhamento \u00e0s compet\u00eancias, fun\u00e7\u00f5es e, legisla\u00e7\u00f5es vigentes correlatas ao conselho e as que possuam conte\u00fado ilegal ou depreciativo.<\/span><\/li>\n<li style=\"font-weight: 400;\" aria-level=\"1\"><span style=\"font-weight: 400;\">Produzir, divulgar e compartilhar not\u00edcias falsas (fake news).<\/span><\/li>\n<li style=\"font-weight: 400;\" aria-level=\"1\"><span style=\"font-weight: 400;\">Divulga\u00e7\u00e3o de resultados de pesquisa eleitoral e de enquetes.<\/span><\/li>\n<li style=\"font-weight: 400;\" aria-level=\"1\"><span style=\"font-weight: 400;\">As condutas tendentes a afetar a igualdade de oportunidades entre candidatos previstas no art. 28 do Regulamento Eleitoral.<\/span><\/li>\n<\/ul>\n","protected":false},"excerpt":{"rendered":"<p>Divulga\u00e7\u00e3o de propaganda por meio de ve\u00edculos de comunica\u00e7\u00e3o autorizados por concess\u00e3o p\u00fablica de r\u00e1dio e TV. Propaganda realizada em meio impresso. Aproveitamento de material de campanha anterior ou preexistente. Propostas sem alinhamento \u00e0s compet\u00eancias, fun\u00e7\u00f5es e, legisla\u00e7\u00f5es vigentes correlatas ao conselho e as que possuam conte\u00fado ilegal ou depreciativo. Produzir, divulgar e compartilhar not\u00edcias [&hellip;]<\/p>\n","protected":false},"author":1,"featured_media":0,"parent":0,"menu_order":0,"comment_status":"closed","ping_status":"closed","template":"","meta":[],"acf":[],"_links":{"self":[{"href":"https:\/\/eleicoes2023.caual.gov.br\/index.php?rest_route=\/wp\/v2\/pages\/987"}],"collection":[{"href":"https:\/\/eleicoes2023.caual.gov.br\/index.php?rest_route=\/wp\/v2\/pages"}],"about":[{"href":"https:\/\/eleicoes2023.caual.gov.br\/index.php?rest_route=\/wp\/v2\/types\/page"}],"author":[{"embeddable":true,"href":"https:\/\/eleicoes2023.caual.gov.br\/index.php?rest_route=\/wp\/v2\/users\/1"}],"replies":[{"embeddable":true,"href":"https:\/\/eleicoes2023.caual.gov.br\/index.php?rest_route=%2Fwp%2Fv2%2Fcomments&post=987"}],"version-history":[{"count":2,"href":"https:\/\/eleicoes2023.caual.gov.br\/index.php?rest_route=\/wp\/v2\/pages\/987\/revisions"}],"predecessor-version":[{"id":1655,"href":"https:\/\/eleicoes2023.caual.gov.br\/index.php?rest_route=\/wp\/v2\/pages\/987\/revisions\/1655"}],"wp:attachment":[{"href":"https:\/\/eleicoes2023.caual.gov.br\/index.php?rest_route=%2Fwp%2Fv2%2Fmedia&parent=987"}],"curies":[{"name":"wp","href":"https:\/\/api.w.org\/{rel}","templated":true}]}}